06352 + 127?
-106224
In base 11, what is -5 + -1304196?
-13041a0
In base 14, what is 3855642 + -2b?
3855615
In base 10, what is 23998 - 7654?
16344
In base 8, what is 63 - -1521732?
1522015
In base 9, what is -3741351 + -43?
-3741404
In base 8, what is -37 - 637405?
-637444
In base 2, what is 10 + 1100001001110001111110110011?
1100001001110001111110110101
In base 10, what is 3 - -4283031?
4283034
In base 2, what is 1010000111111000 + -11001000?
1010000100110000
In base 9, what is -1640381 - 51?
-1640442
In base 15, what is c + 1a5eee4?
1a60001
In base 7, what is 322 - -2100555?
2101210
In base 15, what is -2e15 + 3546?
631
In base 3, what is -1212101201 + 20110?
-1212011021
In base 12, what is -297960 + 11a?
-297842
In base 14, what is -6461 - aa8?
-7129
In base 16, what is -11 + -25015f7?
-2501608
In base 15, what is 12a3c - -10d?
12b4a
In base 16, what is -259b35 + -4?
-259b39
In base 6, what is -15 - -1423333113?
1423333054
In base 12, what is 13419a5 - -7?
13419b0
In base 9, what is 12185206 - -67?
12185274
In base 2, what is -10010010100 - 1001111101110001?
-1010010000000101
In base 11, what is -522 + -46679?
-470a0
In base 15, what is -473d3e - 1?
-473d40
In base 9, what is 270 + 4462?
4742
In base 6, what is -51220405103 + 2?
-51220405101
In base 12, what is -790b + -13?
-7922
In base 12, what is -1b739 - -5017?
-16722
In base 6, what is -200253153 + -55?
-200253252
In base 13, what is -62 - -144b62?
144b00
In base 4, what is -1100 - 311131320?
-311133020
In base 14, what is 20c20d - -28?
20c237
In base 8, what is -101277243 + -3?
-101277246
In base 13, what is 278 + -5430b?
-54063
In base 5, what is 4 + 1300311411212?
1300311411221
In base 14, what is -380dc1c + -35?
-380dc53
In base 13, what is b + 2a3a79?
2a3a87
In base 4, what is -1032312 + -2101100?
-3200012
In base 13, what is -417a20 - -9?
-417a14
In base 8, what is -32 - 1614147?
-1614201
In base 10, what is -116 + -1876736?
-1876852
In base 8, what is -105024662 + -6?
-105024670
In base 15, what is 5198422 - -1?
5198423
In base 4, what is -112 - -2222031123?
2222031011
In base 11, what is -1 - 175a463?
-175a464
In base 3, what is -22000101002 + -10?
-22000101012
In base 6, what is 25133 + -412210?
-343033
In base 8, what is 1415156055 - 0?
1415156055
In base 5, what is 40003402 + 232?
40004134
In base 11, what is 66138 + -1072?
65076
In base 7, what is -1256 - 150165?
-151454
In base 5, what is 42331 - 130411?
-33030
In base 3, what is 0 - -101200102000020?
101200102000020
In base 8, what is -113 - -53072?
52757
In base 16, what is 11e44 + 2e?
11e72
In base 12, what is -1614070 - -39?
-1614033
In base 11, what is 3 - 186841003?
-186841000
In base 7, what is 346 - -552216?
552565
In base 8, what is -12600535 + -36?
-12600573
In base 16, what is 4366 + -13f1?
2f75
In base 15, what is 70bd81 - -4?
70bd85
In base 16, what is -c88 - -e05?
17d
In base 3, what is 2 - 2220212211101?
-2220212211022
In base 5, what is -12224404 + -233?
-12230142
In base 7, what is 2606144004 + -16?
2606143655
In base 6, what is 240331121 - -5?
240331130
In base 4, what is 312213021301 - 230?
312213021011
In base 6, what is 11 - 1553400440?
-1553400425
In base 13, what is -4 - 118a076?
-118a07a
In base 14, what is -260811 - 87?
-260898
In base 6, what is 413103 + 350?
413453
In base 9, what is 0 - -2084226?
2084226
In base 4, what is -10110 - -301221121?
301211011
In base 7, what is 4 + 14126553?
14126560
In base 14, what is 60db - 8ba?
5621
In base 13, what is -70b34 - 4ba?
-71321
In base 10, what is 171 + 22037?
22208
In base 6, what is 440502003 + 3?
440502010
In base 12, what is 11 + -1bab34?
-1bab23
In base 5, what is 2422 - -2141442?
2144414
In base 8, what is -171746 - 3274?
-175242
In base 3, what is 11122212 + 111220202?
200120121
In base 5, what is -20303 - -2431020?
2410212
In base 13, what is -8157ac8 + 2c?
-8157a99
In base 3, what is -12222 - -101020011?
101000012
In base 14, what is -57b3 + -1abcc?
-225a1
In base 16, what is -47b511 + 8?
-47b509
In base 5, what is 420031001 - 33?
420030413
In base 14, what is 9b1da650 + -5?
9b1da649
In base 9, what is -436235 + -28?
-436264
In base 14, what is 27 + 12bc63?
12bc8a
In base 8, what is 201342 + 152?
201514
In base 13, what is 8423b + -66?
841a5
In base 7, what is 4023112510 + -2?
4023112505
In base 3, what is -2200121222110 - 110012?
-2200122102122
In base 7, what is -4634 + 45565?
40631
In base 11, what is -7072 - -5425?
-1748
In base 14, what is 95c4a2 - -1?
95c4a3
In base 9, what is 20632506 - -3?
20632510
In base 9, what is 33002827 - -5?
33002833
In base 7, what is 450123140 - 20?
450123120
In base 9, what is -516316 + -186?
-516513
In base 6, what is -5 - -10255132254?
10255132245
In base 8, what is 2 - 1311070?
-1311066
In base 9, what is 2824 - -81228?
84153
In base 16, what is 12c347e + 1?
12c347f
In base 11, what is -2332740 + 3?
-2332738
In base 8, what is -6726 - -231644?
222716
In base 12, what is 14685 - 6901?
9984
In base 4, what is 3232312201 - -21?
3232312222
In base 2, what is 10010111000011011100111 - -111111?
10010111000011100100110
In base 8, what is 4117 - -342?
4461
In base 12, what is -446a659 + 4?
-446a655
In base 14, what is -2d802 + -26?
-2d828
In base 7, what is 5511653 + -13?
5511640
In base 11, what is -20172 + -1658?
-2181a
In base 10, what is 7795775 + -1?
7795774
In base 13, what is -288982 - -9?
-288976
In base 8, what is -4045302 + -6?
-4045310
In base 5, what is -21031230 - 114?
-21031344
In base 7, what is -5601243 + -56?
-5601332
In base 13, what is c8b + -4570?
-35b2
In base 13, what is 0 - 63cc30b?
-63cc30b
In base 2, what is 100011000110111001 + -11111101?
100011000010111100
In base 3, what is -221221200200 + -21001?
-221221221201
In base 9, what is -140243 + 3?
-140240
In base 15, what is -216b0c - 2?
-216b0e
In base 10, what is -29 + -77058?
-77087
In base 15, what is -17084 + a3?
-16ed1
In base 12, what is -781154 - 10?
-781164
In base 16, what is 101 - 8c4?
-7c3
In base 15, what is 6d2a4 + -5a?
6d249
In base 12, what is -58a5 + -8?
-58b1
In base 13, what is 124a0 + 366?
12836
In base 6, what is -15 + -11411550?
-11412005
In base 11, what is 24225 - -69?
24293
In base 2, what is -100001111111010 + -1010101010110?
-101100101010000
In base 14, what is b - -2b7444?
2b7451
In base 5, what is -3220014210 - -21?
-3220014134
In base 3, what is 1 - 21110122021101111?
-21110122021101110
In base 3, what is 11 + -210001021012121?
-210001021012110
In base 7, what is -431132334 + -12?
-431132346
In base 2, what is 101111 + 110101000001100010?
110101000010010001
In base 9, what is -1446684 + 4?
-1446680
In base 5, what is 3331212 - 42?
3331120
In base 14, what is 1 - 4229bd4?
-4229bd3
In base 5, what is -2321030300 - 1333?
-2321032133
In base 11, what is -2203a - 58a?
-22619
In base 6, what is 2414 + 2133101?
2135515
In base 10, what is -2080955 + -4?
-2080959
In base 12, what is -bb54 + -11a?
-10072
In base 16, what is -3c - 1740f?
-1744b
In base 13, what is 1a0468 + 0?
1a0468
In base 4, what is 3031333232 + -23?
3031333203
In base 7, what is -5 - 2624321?
-2624326
In base 8, what is 21222 - 164624?
-143402
In base 2, what is 100110 + -1100111111111001101?
-1100111111110100111
In base 13, what is 2a826 + -108a?
29769
In base 9, what is 1 + -30003807?
-30003806
In base 10, what is -244 - 24613?
-24857
In base 15, what is 1 + 2ab9a6?
2ab9a7
In base 8, what is 1653 - -1730?
3603
In base 10, what is -7 - -4357094?
4357087
In base 4, what is -30012 - 313311?
-1003323
In base 11, what is 73a555 - 20?
73a535
In base 15, what is be28bd2 + -5?
be28bcc
In base 3, what is 1012021201 - 120211011?
121110120
In base 9, what is 5 + -85737350?
-85737344
In base 10, what is -198 + -57069?
-57267
In base 15, what is -4a80 - 14b9?
-6049
In base 16, what is -3 - -3588cbd?
3588cba
In base 8, what is 5 + 1105667770?
1105667775
In base 5, what is 10121 - -314044?
324220
In base 8, what is -5 - -6000625?
6000620
In base 7, what is -4 - 131506364?
-131506401
In base 7, what is -504564 - -14644?
-456620
In base 11, what is 617922 + -44a?
617483
In base 16, what is -392d - 42d?
-3d5a
In base 6, what is 2300051220 + 4?
2300051224
In base 9, what is 1805 + 430122?
432027
In base 13, what is 6 + -127c469?
-127c463
In base 7, what is -646 -